j(-4).
-14
Let y(c) = c**3 + 1. Let d(m) = m**3 + 11*m**2 - 28*m + 5. Let o be d(-13). Let v(n) = n**3 - 5*n**2 - 10*n + 3. Let j be v(7). Let b = j - o. Calculate y(b).
1
Let t(c) = 2*c - 10. Suppose 0 = s + 226*m - 230*m - 19, m + 31 = 4*s. Calculate t(s).
4
Let o(k) be the third derivative of 1/24*k**4 - 7/6*k**3 + 9 + 6*k**2 + 0*k. Let m be 33/7 + (-4)/(-14). Determine o(m).
-2
Suppose 0 = -7*j - 2261 - 2541. Let r = 680 + j. Let v(o) = o**2 + 3*o - 16. Calculate v(r).
2
Let i(b) = -b**2 + 29*b - 98. Let t be i(4). Suppose 75 - 29 = -5*d + t*o, 5*d + 2*o = -54. Let c(n) = -n + 3. Determine c(d).
13
Let g(b) = b**3 + 6*b**2 - 8. Let h be g(-6). Let v be 2/10 - (-224)/80. Let d(x) = 3*x**3 + 4 + 0*x**3 - 4*x**v + 9*x - 7*x**2. Give d(h).
-4
Let s(i) be the second derivative of -4*i**3/3 - 47*i**2/2 - 75*i. Calculate s(0).
-47
Let r(d) = -11 - 3*d**2 + 162*d + d**3 - 69*d - 5*d**2 - 81*d. Let q be r(6). Let i(y) = -2*y - 22. Determine i(q).
0
Let g(t) be the third derivative of -t**6/720 + t**5/12 - 13*t**4/24 - t**2. Let y(z) be the second derivative of g(z). Suppose -37*s + 14 = -35*s. Give y(s).
3
Let u(k) = 12*k + 0 - 7 - 5*k**2 - 24*k + 7*k - k**3. Let t be (0*4*3/48)/2. Suppose t = -6*p - 35 + 5. Give u(p).
18
Let j(c) = -2*c - 5. Let u be (-56)/(-35) + 1053/195. Calculate j(u).
-19
Let h(t) be the second derivative of -t**4/12 - 3*t**3/2 - 17*t**2/2 - 1955*t. Determine h(-4).
3
Let s(r) = -r**2 + r + 2. Let x = -127 + 144. Suppose -29 + 80 = x*n. Calculate s(n).
-4
Let i(f) be the second derivative of -13*f + 1/240*f**6 - 13/12*f**4 + 0*f**3 - 1/60*f**5 + 0 + 0*f**2. Let g(a) be the third derivative of i(a). What is g(4)?
10
Let z(p) = -p - 1. Let q(s) = 9*s + 10. Let g(j) = -11*j - 43. Let k be g(-4). Let x(r) = k*q(r) + 6*z(r). Give x(-6).
-14
Let u(y) = y**2 - 1. Suppose 1500 = 22*f + 8*f. Let d = -70 + 118. Let s = f - d. Determine u(s).
3
Suppose 0 = -0*l + 3*l - 66. Suppose l*o - 12 = 18*o. Let f(k) = -2*k + 5*k**2 - 10 - 9 - k**o + 24. What is f(5)?
-5
Let o(h) = 34*h - 57. Let s(w) = 410*w - 684. Let y(i) = -25*o(i) + 2*s(i). Calculate y(2).
-3
Let y(w) = -4*w**2. Suppose 0*t = -5*v - 5*t - 145, 4*t = -2*v - 56. Let r = -34 - v. Let n be 4/10 + r/(60/(-9)). What is y(n)?
-4
Let x(p) = -p**2 + 5*p - 9. Let u(f) = -146*f + 3361. Let y be u(23). Calculate x(y).
-3
Let l(i) = -7*i - 6. Let c = 3698 - 3693. Give l(c).
-41
Let z = 68 - 64. Suppose z*k - 33 = -7*k. Let p(q) = 5*q - 10. Let i(o) = 11*o - 21. Let r(x) = -4*i(x) + 9*p(x). What is r(k)?
-3
Let u(v) = -v + 2. Suppose 0 = n - j + 2, 2*n = -3*j - 5 + 1. Let d(k) = 2*k**3 + k**2. Let i be d(n). Let a = i - -6. Calculate u(a).
8
Suppose -15*y + 12*y = -12. Suppose 4*f - n - 4 - 1 = 0, y*n + 9 = 5*f. Let o(d) be the second derivative of d**4/3 - d**3/3 + d**2/2 + 3*d. What is o(f)?
3
Let w(h) = 12*h - 4 + 17*h + h**2 - 46*h + 10*h. What is w(6)?
-10
Let l = -299 + 302. Let b(h) = 4*h - 15. Let j(c) = 11*c - 41. Let o(d) = l*j(d) - 8*b(d). Suppose 0 = -4*n - n. Determine o(n).
-3
Suppose -481*x = -391*x. Let h(k) = -2*k + 3. Calculate h(x).
3
Let k(p) be the second derivative of p**3/6 - 3*p**2 - 15*p. Suppose 0 = -7*r + 2*r + 10. Suppose -3*x - r*x = -25. Calculate k(x).
-1
Let b be (4/5)/((-2)/160*-8). Suppose 5*k - b = -2*t - 6, 0 = -t + 5*k + 16. Let r(f) = -f - f + t - 7 + 3*f. What is r(5)?
4
Let j(l) = -l**3 + 6*l**2 - 5*l + 4. Let t be j(5). Suppose -28 = -4*o + t*u, -4*u - 3 = 3*o - u. Suppose -5*y = -o*y + 10. Let f(h) = -h + 1. Determine f(y).
6
Suppose -9*q - 25 = -4*q, -5*d = -5*q - 55. Let a(i) = i**3 - 7*i**2 + 7*i. Give a(d).
6
Let y(c) be the first derivative of 3*c**2 - 50*c - 2495. Determine y(11).
16
Let k = -137 - -131. Let v be ((-4)/k)/(8/84). Let d(q) be the second derivative of q**5/20 - q**4/2 - 3*q**3/2 + 4*q**2 - 2*q. Calculate d(v).
-6
Let b(v) be the first derivative of -3*v**2/2 + 11*v + 2882. Determine b(0).
11
Let v(p) = -45*p + 2. Let u(s) = 192*s - 579. Let r(g) = -u(g) - 4*v(g). What is r(48)?
-5
Let y(b) = b**3 + 11*b**2 + 9*b - 10. Suppose -2*j + 88 = -44. Let d = 56 - j. Determine y(d).
0
Let i(n) = n**3 - 4*n**2 - 5*n + 2. Let q be i(5). Let j(z) = z**3 + 2*z - 2 + 1 - 8*z - 4*z**q. Let y be (-40)/(-560)*6 - (39/(-7) - -1). What is j(y)?
-6
Suppose -3*l + 5 = -5*a, 0*a = 3*l - 2*a - 2. Let c(q) = l*q**2 + 6*q + q**2 + 41 - 35. Suppose -28*s + 5*h = -31*s - 7, 0 = -3*s - 3*h - 9. Calculate c(s).
-2
Let l(d) = -8*d**2 + 23*d - 4. Let g(s) = s**2 - 3*s + 1. Let y(q) = 17*g(q) + 2*l(q). Give y(4).
5
Let d be (-1)/(-2)*(-10)/5. Let c(i) be the second derivative of 19*i**5/120 + i**4/24 + 16*i**3/3 - 12*i. Let l(f) be the second derivative of c(f). Give l(d).
-18
Let k(l) = -5*l**2 - 8*l - 5. Let a be -1*2 - (0/(-198))/(3*-1). Give k(a).
-9
Let z(c) be the first derivative of -c**4/4 + 10*c**3/3 + c**2 - 7*c - 368. Give z(9).
92
Suppose -5*z = 2*n - 286, 5*n + 5*z - 6*z - 715 = 0. Let o = 140 - n. Let k(f) = f**3 + 3*f**2 + 4. What is k(o)?
4
Let x be (-3)/(-2)*(-21)/9*459/(-357). Let z(k) be the first derivative of -1 + 0*k + x*k**2. Determine z(-1).
-9
Let d(f) = 13*f - 2*f**2 + f**2 + 10*f + 1 - 5*f**2. Let w(l) = -5*l**2 + 21*l + 2. Let p(h) = 6*d(h) - 7*w(h). What is p(-6)?
10
Let o(g) = -2*g**2 + 38*g + 677. Let h be o(-11). Let u(a) = 10*a - 171. What is u(h)?
-1
Let o = 13 - 4. Suppose -3 + o = b. Let m(v) = -7*v**2 - 19*v + 1479 + 27*v - 1482 + v**3. Give m(b).
9
Let v(m) = m**2 - 5. Let x(u) = u**2 + 12*u - 17. Let i be x(-14). Suppose i*h - 60 = 10*h. Suppose 0 = -19*s + 35 + h. What is v(s)?
20
Let x(z) = z**2 - 55*z + 168. Suppose -14*b = 5*b - 0*b - 988. Give x(b).
12
Let q(t) = t**3 - 6*t**2 - 3*t + 5. Suppose j = -3, 62 = 5*p - 4*j + 30. Calculate q(p).
-39
Suppose -19 = 13*f - 32. Let k(b) = -5*b + 2. Let i = 3 - -3. Let n(m) = m + 1. Let o(s) = f*k(s) + i*n(s). Give o(-6).
2
Let o(r) be the third derivative of -r**7/840 + r**6/30 + r**5/10 + 17*r**4/24 + 7*r**3 - 47*r**2 + r. Let f(z) be the first derivative of o(z). What is f(13)?
4
Let x(v) = -234 + 6*v**2 - 235 + 473. Let h(a) be the first derivative of -4*a**3 - 7*a + 3. Let c(q) = -3*h(q) - 5*x(q). Give c(-1).
7
Let c(a) = a**2 + 12*a + 25. Let v be c(-10). Let y(u) = -5*u + 10. Let o(z) = -13*z + 20. Let i(l) = v*y(l) - 2*o(l). What is i(-9)?
1
Let i(j) be the third derivative of -1/60*j**5 + 1/8*j**4 + 0 - 1/6*j**3 + 3*j**2 + 0*j. Let g(z) = 2*z**2 - 166*z + 3. Let o be g(0). Determine i(o).
-1
Let l(d) = 6*d - 9*d + 17*d - 6*d. What is l(3)?
24
Let s be (-16)/(-10)*((-260)/8)/(-13). Suppose 4*a - 32 = -0*a + 3*r, -4*r - 36 = -s*a. Let h(x) = -2 - 6*x + x - x**2 + 7 + 2*x**2. What is h(a)?
5
Suppose -70*a + 120 = -58*a. Suppose -5*j - 5 - a = -5*k, 5*k + 15 = 0. Let d(y) = y**2. Determine d(j).
36
Let b(a) = a**3 + 27*a**2 - 192*a + 183. Let x be b(-33). Let t(h) = -24*h - 369. Give t(x).
-9
Let t(d) = 13 - 5 + 1 - d + 1. Let j be -17 - (72/(-8) + 2). Calculate t(j).
20
Let g(i) = -i + 27. Suppose -232*w + 244*w = 204. Give g(w).
10
Let f(i) = -628 - 8*i + 3*i - 622 + 1877 - 621. Calculate f(-1).
11
Let b(x) = -x**3 + 19*x**2 - 15*x - 51. Let m be b(18). Let f(c) = -2173*c + 2176*c + 0 + m. Give f(-3).
-6
Let q be ((-10)/6)/5*-9. Suppose 0*u + q*u = -a, -2 = a + 4*u. Let d(x) be the second derivative of -x**4/12 + 4*x**3/3 - 9*x**2/2 - 44*x - 2. Give d(a).
3
Let p(g) be the second derivative of 7/2*g**2 + 0 + 61*g - 1/3*g**3. Give p(0).
7
Suppose 62 = -11*c + 40. Let u(l) = l**3 + 2*l + 1. Determine u(c).
-11
Let b(p) be the third derivative of -1/2*p**3 - 1/24*p**4 - 7*p**2 + 0 - 5*p. What is b(-6)?
3
Let x(q) be the second derivative of -q**6/720 - q**5/40 - q**4/3 - q**3 - 46*q. Let p(k) be the third derivative of x(k). Calculate p(-4).
1
Let h(r) = r**2 + 6*r - 4. Let g(k) = 4*k**2 - 3547*k - 9 + 3554*k - 3*k**2. Let d be g(0). Determine h(d).
23
Let w(t) = -9*t**2 + 23*t + 16. Let s(b) = -7*b**2 + 19*b + 13. Let n(m) = -6*s(m) + 5*w(m). Determine n(2).
-8
Let y(l) = -6 - 821*l**2 + 827*l**2 + 3*l - 2*l - l**3. Let s be (2 - -1)*(-13 - -4). Let n = -21 - s. What is y(n)?
0
Let x(w) = -19*w**3 - 28*w**2 - 22*w. Let c(u) = 41*u**3 + 58*u**2 + 45*u - 1. Let f(i) = 6*c(i) + 13*x(i). Determine f(-15).
9
Let i be ((-126)/(-35))/(2*(-8)/40). Let m(g) be the second deri